- 4?
-1770b63a
In base 2, what is -1111010110000111100101 + 0?
-1111010110000111100101
In base 5, what is -10033 + 10134443?
10124410
In base 5, what is 224324314 + -102?
224324212
In base 8, what is -25 - -7477424?
7477377
In base 4, what is 102032011212 + -11?
102032011201
In base 15, what is -5 - -4a5146?
4a5141
In base 15, what is b2 - -99c8?
9a8a
In base 10, what is -6281447 - -2?
-6281445
In base 16, what is -d + -596c9?
-596d6
In base 9, what is -131 + -850821?
-851052
In base 5, what is -220031 - -13123?
-201403
In base 11, what is 29308 + -9?
292aa
In base 3, what is 12 + -10221121020000020?
-10221121020000001
In base 11, what is 1a738 - -61?
1a799
In base 3, what is 120112212 - 2210?
120110002
In base 11, what is 54662 - 7a95?
47678
In base 12, what is 1705b + 3a?
17099
In base 7, what is -1315254 + -46?
-1315333
In base 2, what is -1011001111010 + -11101?
-1011010010111
In base 15, what is -14 - -2a4a34?
2a4a20
In base 16, what is a - -e78a63?
e78a6d
In base 16, what is 8fb + ee1f?
f71a
In base 5, what is 24123 + -1412441?
-1333313
In base 4, what is 211200000 + 2011?
211202011
In base 8, what is 6456 + -214147?
-205471
In base 15, what is 7714 + 610?
7d24
In base 13, what is 0 + -2c5120?
-2c5120
In base 13, what is 41 - -11bc875?
11bc8b6
In base 11, what is -a170a968 + 3?
-a170a965
In base 7, what is 2155255 - -23?
2155311
In base 5, what is -2 + -340343324?
-340343331
In base 15, what is 12502 - -24?
12526
In base 5, what is -4 - 14132430?
-14132434
In base 16, what is 13 + -2bc72?
-2bc5f
In base 7, what is -45360 - 104240?
-152630
In base 12, what is -16854 - -308?
-16548
In base 12, what is 158b91a + 18?
158b936
In base 7, what is 13200253 + 1205?
13201461
In base 14, what is -453 - 4d9d9?
-5004c
In base 16, what is 14bdf + 3b3?
14f92
In base 3, what is 10 + 11220110001111222?
11220110001112002
In base 15, what is -d2ca + 3a0?
-ce2a
In base 11, what is 3558a3 - -357?
35614a
In base 13, what is -119 - b419?
-b535
In base 2, what is -1 - -100011001001011011011110?
100011001001011011011101
In base 16, what is -1 - 286a6a2?
-286a6a3
In base 2, what is -10000111100011010101001100100 - -100?
-10000111100011010101001100000
In base 7, what is 1 + 25166330?
25166331
In base 5, what is -1134013 - 33400?
-1222413
In base 10, what is 4 + 2773122?
2773126
In base 7, what is -433020 - -264?
-432423
In base 2, what is -111000101001 + 1010101111110101?
1001110111001100
In base 4, what is -3003100231330 + 10?
-3003100231320
In base 12, what is 5 - -12a8a48?
12a8a51
In base 15, what is -847da + 3?
-847d7
In base 2, what is -10110010000000100100000010 + -101?
-10110010000000100100000111
In base 9, what is 144567 + 331?
145008
In base 4, what is -102202121122021 + -2?
-102202121122023
In base 4, what is 1223221330 + 230?
1223222220
In base 13, what is -3 + -92bcc43?
-92bcc46
In base 15, what is c2 + -21e8?
-2126
In base 13, what is 1c9ac139 - -8?
1c9ac144
In base 11, what is 3a81 - 147a15?
-143a44
In base 4, what is -12312322031231 - -11?
-12312322031220
In base 14, what is 4380c34 + -3?
4380c31
In base 14, what is 1095189a - -4?
109518a0
In base 6, what is 5 - 1255450123?
-1255450114
In base 5, what is -3334413 + 30221?
-3304142
In base 11, what is 142315 - 1869?
140557
In base 15, what is 4 - -47ad46?
47ad4a
In base 12, what is 7 - a4a497?
-a4a490
In base 14, what is 3 - 225288?
-225285
In base 13, what is -14818 - 1aa?
-149c5
In base 14, what is -a870 - a48?
-b4b8
In base 13, what is 1 + -54463b2?
-54463b1
In base 4, what is 100320313120 - 3?
100320313111
In base 7, what is 1 - 1542002523?
-1542002522
In base 2, what is -101011101110100 - -11100110?
-101011010001110
In base 14, what is 1bc202 + 30?
1bc232
In base 8, what is -1244756 - -1311?
-1243445
In base 5, what is 0 + -1113401302?
-1113401302
In base 15, what is -813b4a - 0?
-813b4a
In base 4, what is 100011122 + 1231?
100013013
In base 8, what is 5 + 120724?
120731
In base 10, what is -624597924 - 3?
-624597927
In base 15, what is -441aec7a - 4?
-441aec7e
In base 5, what is 234343 - 13042?
221301
In base 14, what is -576a - b4d4?
-12c60
In base 8, what is -717 + -3122124?
-3123043
In base 15, what is 23 + -367a6c?
-367a49
In base 5, what is 10 + -21002312311?
-21002312301
In base 15, what is -98 + 48849?
487a1
In base 9, what is 5 - 3318582?
-3318576
In base 5, what is -10 - 11130101231?
-11130101241
In base 6, what is -202320233 - -2?
-202320231
In base 2, what is 100100100111010000 - -1110?
100100100111011110
In base 15, what is -5 - -16dadc4?
16dadbe
In base 16, what is -604f3 - b?
-604fe
In base 14, what is -11996 + 66?
-11930
In base 8, what is 13 - -37754017?
37754032
In base 13, what is -11 - 483038?
-483049
In base 11, what is -1 - 2999901?
-2999902
In base 9, what is 14 - -5788804?
5788818
In base 2, what is 1010000110001010 + -111101011111?
1001001000101011
In base 15, what is -1 - 177c35?
-177c36
In base 15, what is 38a04 + -ce?
38925
In base 15, what is b21 - -499e8?
4a619
In base 6, what is -1 + -1001532143?
-1001532144
In base 2, what is -1001011 + -1000100010001001001?
-1000100010010010100
In base 11, what is 9486345 - -26?
9486370
In base 4, what is 11 + 1102110312213?
1102110312230
In base 14, what is -2bbac7 + 4?
-2bbac3
In base 15, what is 3478 - -5685?
8b0d
In base 13, what is 454b + -129bb?
-b470
In base 12, what is -239500ba - 7?
-23950105
In base 9, what is -108313 - -1361?
-106842
In base 14, what is 2488b4 + -22d?
248685
In base 6, what is -43304 + 545502?
502154
In base 3, what is 1201111100100201 - 0?
1201111100100201
In base 8, what is -266677 - 271?
-267170
In base 7, what is -231103202 - 1?
-231103203
In base 8, what is -4215 + 65025?
60610
In base 3, what is 0 - -121020212011?
121020212011
In base 10, what is -20 + -1548858?
-1548878
In base 12, what is 23 - 1122079?
-1122056
In base 3, what is 10111210001221 + -12?
10111210001202
In base 8, what is -2245744 + 764?
-2244760
In base 8, what is -7105746 + 13?
-7105733
In base 6, what is -1245453013 + 5?
-1245453004
In base 5, what is 2113434140 - -3?
2113434143
In base 11, what is -9a5 + -13666?
-14560
In base 6, what is -53 - -3222240?
3222143
In base 15, what is -1 - -68a3c2?
68a3c1
In base 16, what is -374591 + -4f?
-3745e0
In base 15, what is -3c + cad87?
cad4a
In base 10, what is 162741 + -511?
162230
In base 12, what is 9a418a9 - -13?
9a41900
In base 9, what is -2328 - -38732?
36403
In base 11, what is -41697 - 44a?
-42036
In base 12, what is 1ab + 11a7b?
1206a
In base 15, what is 2 - e2887?
-e2885
In base 14, what is -1cbcbd + 6?
-1cbcb7
In base 8, what is 3 - 44054175?
-44054172
In base 15, what is -265 + 7a17?
77a2
In base 13, what is 4679 + -657?
4022
In base 5, what is 1420 + 11243230?
11300200
In base 3, what is -2010212222122 + 1201?
-2010212220221
In base 2, what is -1001101010111111 + -111110110?
-1001110010110101
In base 4, what is -113133110 + 202?
-113132302
In base 6, what is 22 - -3333030?
3333052
In base 12, what is 2b3 + 19041?
19334
In base 5, what is 2010014 - 30111?
1424403
In base 15, what is 36e1 + 8d4?
40c5
In base 5, what is -1342323 + 3010?
-1334313
In base 8, what is 1314 - 553400?
-552064
In base 15, what is 0 - c9a789?
-c9a789
In base 13, what is -36 - -1c1243?
1c120a
In base 15, what is -61 + 2deae?
2de4d
In base 4, what is -13000221 + -20?
-13000301
In base 5, what is 20212 - -322300?
343012
In base 14, what is 33b + 13351?
1368c
In base 3, what is -120111111000 - 20122?
-120111201122
In base 12, what is 368 + 8312?
867a
In base 4, what is 202133033003 + -3?
202133033000
In base 13, what is -277b08 + 4?
-277b04
In base 5, what is -304 + -342001013?
-342001322
In base 5, what is -222340243330 - -4?
-222340243321
In base 5, what is 33 + 3003412?
3004000
In base 16, what is 3 + -17aec5?
-17aec2
In base 4, what is 1121233313002 - -2?
1121233313010
In base 9, what is 2 - -21016208?
21016211
In base 11, what is -2 + -582769?
-582770
In base 5, what is 233 + -412203303?
-412203020
In base 13, what is -64aa + -507?
-69b4
In base 7, what is 3666431 - 6?
3666422
In base 10, what is 453 - 99608?
-99155
In base 4, what is 200 - -2232303313?
2232310113
In base 10, what is -2411768 + 46?
-2411722
In base 10, what is -5 + -1063885?
-1063890
In base 9, what is -10743018 + -1?
-10743020
I